{"id":68,"date":"2020-03-05T16:20:00","date_gmt":"2020-03-05T15:20:00","guid":{"rendered":"http:\/\/hochriesser-weiderind.at\/?page_id=68"},"modified":"2021-03-12T14:28:15","modified_gmt":"2021-03-12T13:28:15","slug":"impressum-datenschutz","status":"publish","type":"page","link":"https:\/\/hochriesser-weiderind.at\/?page_id=68","title":{"rendered":"Impressum &#038; Datenschutz"},"content":{"rendered":"\n<h3>Impressum<\/h3>\n\n\n<p>Eigent\u00fcmer und Betreiber der Webseite: Thomas Karl<br \/>Betriebsbezeichnung: Br\u00fcckl-Hof (Hausname)<br \/>Betriebsleiter: Thomas KARL<br \/>Anschrift: Koth 7, 3251 Purgstall<br \/>Telefon: +43 664 82 42 334 <br \/>Mail: tomkarl@gmx.at<br \/>Homepage: www.hochriesser-weiderind.at <br \/>Landwirtschaftliche Betriebsnummer: 1227980<br \/>Beh\u00f6rden: Landwirtschaftskammer N\u00d6,\u00a0 Bezirksstelle Scheibbs sowie AMA Agrarmarkt Austria, Dresdner Stra\u00dfe 70, 1200 Wien<\/p>\n<p>Diese Webseite wurde mit gr\u00f6\u00dfter Sorgfalt erstellt. Eventuelle Fehler sind dennoch nicht auszuschlie\u00dfen. F\u00fcr entsprechende Hinweise sind wir Ihnen dankbar. Alle Daten, wie Texte und Bilder, unterliegen unserem Copyright und d\u00fcrfen nicht verwendet werden, auch nicht f\u00fcr den Eigengebrauch. F\u00fcr Fehler oder nicht der Tatsache entsprechende Fakten und Preise, sowie daraus hervorgehende Folgen \u00fcbernehmen wir keine Verantwortung. <br \/>Wir haften nicht f\u00fcr Sch\u00e4den insbesondere nicht f\u00fcr unmittelbare oder mittelbare Folgesch\u00e4den, Datenverlust oder Folgekosten die durch die Nutzung dieser Internetseiten oder durch das Herunterladen von Daten entstehen. Liegt bei einem entstandenen. Die durch die Nutzung der Internetseiten entstandene Rechtsbeziehung zwischen Ihnen und uns unterliegt dem Recht der Republik \u00d6sterreich.<\/p>\n<p><strong>Sonstiges<\/strong><br \/>Design by WordPress, Sonja Heitzenberger\u200b <a href=\"http:\/\/www.heitzenberger.at\">www.heitzenberger.at<\/a><\/p>\n\n\n<h3>Datenschutz<\/h3>\n\n\n\n<p>Wir haben diese Datenschutzerkl\u00e4rung (Fassung vom 27.2.2020)\nverfasst, um Ihnen gem\u00e4\u00df der Vorgaben der Datenschutz-Grundverordnung (EU)\n2016\/679 und dem&nbsp;<a href=\"https:\/\/www.ris.bka.gv.at\/GeltendeFassung.wxe?Abfrage=Bundesnormen&amp;Gesetzesnummer=10001597&amp;tid=121096757\" target=\"_blank\" rel=\"noreferrer noopener\">Datenschutzgesetz (DSG)<\/a>&nbsp;mitzuteilen, welche Informationen\nwir sammeln, wie wir Daten verwenden und welche Entscheidungsm\u00f6glichkeiten Sie\nals Besucher dieser Webseite haben.<\/p>\n\n\n\n<p>Automatische Datenspeicherung: Wenn\nSie Webseiten besuchen, werden bestimmte Informationen\nautomatisch erstellt und am Webserver gespeichert: die Adresse (URL) der\naufgerufenen Webseite, Browser und Browserversion, das verwendete\nBetriebssystem, die Adresse der zuvor besuchten Seite, den Hostname und die\nIP-Adresse des Ger\u00e4ts von welchem aus zugegriffen wird sowie Datum und Uhrzeit\nin den Webserver-Logfiles.<\/p>\n\n\n\n<p>In\nder Regel werden Webserver-Logfiles zwei Wochen gespeichert und danach\nautomatisch gel\u00f6scht. Wir geben diese Daten nicht weiter, k\u00f6nnen jedoch nicht\nausschlie\u00dfen, dass diese Daten beim Vorliegen von rechtswidrigem Verhalten\neingesehen werden.<br>\nDie Rechtsgrundlage besteht nach&nbsp;<a href=\"https:\/\/eur-lex.europa.eu\/legal-content\/DE\/TXT\/HTML\/?uri=CELEX:32016R0679&amp;from=DE&amp;tid=121096757\" target=\"_blank\" rel=\"noreferrer noopener\">Artikel 6&nbsp; Absatz 1 f DSGVO<\/a>&nbsp;(Rechtm\u00e4\u00dfigkeit der\nVerarbeitung) darin, dass berechtigtes Interesse daran besteht, den\nfehlerfreien Betrieb dieser Webseite durch das Erfassen von Webserver-Logfiles\nzu erm\u00f6glichen.<\/p>\n\n\n\n<p>Ggfs.\ngespeicherte pers\u00f6nliche Daten bei der zuk\u00fcnftigen Nutzung von Blogs: Pers\u00f6nliche\nDaten, die Sie uns auf dieser Website elektronisch \u00fcbermitteln, wie zum\nBeispiel Name, E-Mail-Adresse, Adresse oder andere pers\u00f6nlichen Angaben im\nRahmen der \u00dcbermittlung eines Formulars oder Kommentaren im Blog, werden von\nuns gemeinsam mit dem Zeitpunkt und der IP-Adresse nur zum jeweils angegebenen\nZweck verwendet, sicher verwahrt und nicht an Dritte weitergegeben.<\/p>\n\n\n\n<p>Wir nutzen Ihre pers\u00f6nlichen\nDaten somit nur f\u00fcr die Kommunikation mit jenen Besuchern, die Kontakt\nausdr\u00fccklich w\u00fcnschen und f\u00fcr die Abwicklung der auf dieser Webseite\nangebotenen Dienstleistungen und Produkte. Wir geben Ihre pers\u00f6nlichen Daten\nohne Zustimmung nicht weiter, k\u00f6nnen jedoch nicht ausschlie\u00dfen, dass diese\nDaten beim Vorliegen von rechtswidrigem Verhalten eingesehen werden.<\/p>\n\n\n\n<p>Wenn Sie uns pers\u00f6nliche Daten\nper E-Mail schicken \u2013 somit abseits dieser Webseite \u2013 k\u00f6nnen wir keine sichere\n\u00dcbertragung und den Schutz Ihrer Daten garantieren. Wir empfehlen Ihnen,\nvertrauliche Daten niemals unverschl\u00fcsselt per E-Mail zu \u00fcbermitteln.<\/p>\n\n\n\n<p>Die Rechtsgrundlage besteht\nnach&nbsp;<a href=\"https:\/\/eur-lex.europa.eu\/legal-content\/DE\/TXT\/HTML\/?uri=CELEX:32016R0679&amp;from=DE&amp;tid=121096757\" target=\"_blank\" rel=\"noreferrer noopener\">Artikel 6&nbsp; Absatz 1 a DSGVO<\/a>&nbsp;(Rechtm\u00e4\u00dfigkeit der\nVerarbeitung) darin, dass Sie uns die Einwilligung zur Verarbeitung der von\nIhnen eingegebenen Daten geben. Sie k\u00f6nnen diese Einwilligung jederzeit\nwiderrufen \u2013 eine formlose E-Mail reicht aus, Sie finden unsere Kontaktdaten im\nImpressum.<\/p>\n\n\n\n<p>Ihnen stehen laut den Bestimmungen der DSGVO und des \u00f6sterreichischen&nbsp;<a href=\"https:\/\/www.ris.bka.gv.at\/GeltendeFassung.wxe?Abfrage=Bundesnormen&amp;Gesetzesnummer=10001597&amp;tid=121096757\" target=\"_blank\" rel=\"noreferrer noopener\">Datenschutzgesetzes (DSG)<\/a>&nbsp;grunds\u00e4tzlich die folgende Rechte zu:<\/p>\n\n\n\n<ul><li>Recht auf Berichtung (Artikel 16 DSGVO)<\/li><li>Recht auf L\u00f6schung (\u201eRecht auf Vergessenwerden\u201c) (Artikel 17 DSGVO)<\/li><li>Recht auf Einschr\u00e4nkung der Verarbeitung (Artikel 18 DSGVO)<\/li><li>Recht auf Benachrichtigung \u2013 Mitteilungspflicht im Zusammenhang mit der Berichtigung oder L\u00f6schung personenbezogener Daten oder der Einschr\u00e4nkung der Verarbeitung (Artikel 19 DSGVO)<\/li><li>Recht auf Daten\u00fcbertragbarkeit (Artikel 20 DSGVO)<\/li><li>Widerspruchsrecht (Artikel 21 DSGVO)<\/li><li>Recht, nicht einer ausschlie\u00dflich auf einer automatisierten Verarbeitung &#8211; einschlie\u00dflich Profiling &#8211; beruhenden Entscheidung unterworfen  zu werden (Artikel 22 DSGVO)<\/li><\/ul>\n\n\n\n<p>Wenn Sie glauben, dass die Verarbeitung Ihrer Daten gegen das Datenschutzrecht verst\u00f6\u00dft oder Ihre datenschutzrechtlichen Anspr\u00fcche sonst in einer Weise verletzt worden sind, k\u00f6nnen Sie sich bei der Aufsichtsbeh\u00f6rde beschweren, welche in \u00d6sterreich die Datenschutzbeh\u00f6rde ist, deren Webseite Sie unter&nbsp;<a href=\"https:\/\/www.dsb.gv.at\/?tid=121096757\" target=\"_blank\" rel=\"noreferrer noopener\">https:\/\/www.dsb.gv.at\/<\/a>&nbsp;finden.<\/p>\n","protected":false},"excerpt":{"rendered":"<p>Impressum Eigent\u00fcmer und Betreiber der Webseite: Thomas KarlBetriebsbezeichnung: Br\u00fcckl-Hof (Hausname)Betriebsleiter: Thomas KARLAnschrift: Koth 7, 3251 PurgstallTelefon: +43 664 82 42 334 Mail: tomkarl@gmx.atHomepage: www.hochriesser-weiderind.at Landwirtschaftliche Betriebsnummer: 1227980Beh\u00f6rden: Landwirtschaftskammer N\u00d6,\u00a0 Bezirksstelle Scheibbs sowie AMA Agrarmarkt Austria, Dresdner Stra\u00dfe 70, 1200 Wien Diese Webseite wurde mit gr\u00f6\u00dfter Sorgfalt erstellt. Eventuelle Fehler sind dennoch nicht auszuschlie\u00dfen. F\u00fcr entsprechende [&hellip;]<\/p>\n","protected":false},"author":1,"featured_media":0,"parent":0,"menu_order":7,"comment_status":"closed","ping_status":"closed","template":"page-templates\/full-width.php","meta":{"_editorskit_title_hidden":false,"_editorskit_reading_time":2},"_links":{"self":[{"href":"https:\/\/hochriesser-weiderind.at\/index.php?rest_route=\/wp\/v2\/pages\/68"}],"collection":[{"href":"https:\/\/hochriesser-weiderind.at\/index.php?rest_route=\/wp\/v2\/pages"}],"about":[{"href":"https:\/\/hochriesser-weiderind.at\/index.php?rest_route=\/wp\/v2\/types\/page"}],"author":[{"embeddable":true,"href":"https:\/\/hochriesser-weiderind.at\/index.php?rest_route=\/wp\/v2\/users\/1"}],"replies":[{"embeddable":true,"href":"https:\/\/hochriesser-weiderind.at\/index.php?rest_route=%2Fwp%2Fv2%2Fcomments&post=68"}],"version-history":[{"count":3,"href":"https:\/\/hochriesser-weiderind.at\/index.php?rest_route=\/wp\/v2\/pages\/68\/revisions"}],"predecessor-version":[{"id":278,"href":"https:\/\/hochriesser-weiderind.at\/index.php?rest_route=\/wp\/v2\/pages\/68\/revisions\/278"}],"wp:attachment":[{"href":"https:\/\/hochriesser-weiderind.at\/index.php?rest_route=%2Fwp%2Fv2%2Fmedia&parent=68"}],"curies":[{"name":"wp","href":"https:\/\/api.w.org\/{rel}","templated":true}]}}